hen 266 is divided by 96.
74
What is the remainder when 3279 is divided by 6?
3
What is the remainder when 102 is divided by 40?
22
What is the remainder when 454 is divided by 92?
86
What is the remainder when 959 is divided by 137?
0
Calculate the remainder when 201 is divided by 104.
97
What is the remainder when 61 is divided by 60?
1
Calculate the remainder when 33 is divided by 9.
6
Calculate the remainder when 994 is divided by 70.
14
Calculate the remainder when 354 is divided by 36.
30
What is the remainder when 1546 is divided by 749?
48
Calculate the remainder when 570 is divided by 103.
55
What is the remainder when 44 is divided by 29?
15
Calculate the remainder when 1594 is divided by 80.
74
Calculate the remainder when 5849 is divided by 3.
2
Calculate the remainder when 248 is divided by 115.
18
What is the remainder when 106 is divided by 24?
10
What is the remainder when 404 is divided by 58?
56
What is the remainder when 677 is divided by 97?
95
What is the remainder when 271 is divided by 46?
41
What is the remainder when 75 is divided by 13?
10
Calculate the remainder when 439 is divided by 40.
39
Calculate the remainder when 3131 is divided by 165.
161
What is the remainder when 245 is divided by 40?
5
What is the remainder when 71 is divided by 13?
6
Calculate the remainder when 1199 is divided by 24.
23
What is the remainder when 220 is divided by 70?
10
What is the remainder when 18436 is divided by 14?
12
What is the remainder when 117 is divided by 16?
5
What is the remainder when 273 is divided by 20?
13
What is the remainder when 57 is divided by 29?
28
Calculate the remainder when 1444 is divided by 707.
30
What is the remainder when 562 is divided by 30?
22
What is the remainder when 21 is divided by 8?
5
Calculate the remainder when 2518 is divided by 1.
0
What is the remainder when 10992 is divided by 15?
12
What is the remainder when 86 is divided by 10?
6
Calculate the remainder when 103 is divided by 55.
48
What is the remainder when 487 is divided by 123?
118
Calculate the remainder when 29 is divided by 14.
1
What is the remainder when 177 is divided by 40?
17
Calculate the remainder when 271 is divided by 71.
58
Calculate the remainder when 845 is divided by 18.
17
Calculate the remainder when 7343 is divided by 1048.
7
What is the remainder when 697 is divided by 20?
17
What is the remainder when 892 is divided by 84?
52
What is the remainder when 7429 is divided by 42?
37
Calculate the remainder when 162 is divided by 82.
80
Calculate the remainder when 5037 is divided by 14.
11
What is the remainder when 1613 is divided by 101?
98
What is the remainder when 54 is divided by 9?
0
Calculate the remainder when 81 is divided by 18.
9
What is the remainder when 692 is divided by 50?
42
Calculate the remainder when 107 is divided by 49.
9
What is the remainder when 412 is divided by 16?
12
Calculate the remainder when 158 is divided by 40.
38
What is the remainder when 91 is divided by 16?
11
Calculate the remainder when 11716 is divided by 126.
124
What is the remainder when 379 is divided by 77?
71
Calculate the remainder when 429 is divided by 141.
6
Calculate the remainder when 99 is divided by 69.
30
What is the remainder when 2258 is divided by 448?
18
Calculate the remainder when 373 is divided by 127.
119
Calculate the remainder when 1274 is divided by 29.
27
Calculate the remainder when 6464 is divided by 259.
248
Calculate the remainder when 5729 is divided by 117.
113
What is the remainder when 182 is divided by 120?
62
Calculate the remainder when 3037 is divided by 39.
34
What is the remainder when 4679 is divided by 78?
77
What is the remainder when 1731 is divided by 102?
99
What is the remainder when 665 is divided by 222?
221
What is the remainder when 231 is divided by 114?
3
Calculate the remainder when 2542 is divided by 2512.
30
Calculate the remainder when 143 is divided by 6.
5
Calculate the remainder when 7863 is divided by 121.
119
What is the remainder when 283 is divided by 37?
24
What is the remainder when 221 is divided by 32?
29
What is the remainder when 916 is divided by 51?
49
What is the remainder when 201 is divided by 16?
9
What is the remainder when 254 is divided by 53?
42
Calculate the remainder when 302 is divided by 38.
36
Calculate the remainder when 1841 is divided by 45.
41
Calculate the remainder when 2588 is divided by 2588.
0
What is the remainder when 29 is divided by 8?
5
Calculate the remainder when 721 is divided by 38.
37
Calculate the remainder when 5687 is divided by 9.
8
What is the remainder when 32 is divided by 23?
9
Calculate the remainder when 1836 is divided by 204.
0
Calculate the remainder when 8265 is divided by 81.
3
What is the remainder when 44 is divided by 15?
14
Calculate the remainder when 710 is divided by 179.
173
Calculate the remainder when 855 is divided by 212.
7
What is the remainder when 254 is divided by 2?
0
Calculate the remainder when 1423 is divided by 12.
7
Calculate the remainder when 92 is divided by 69.
23
Calculate the remainder when 367 is divided by 125.
117
Calculate the remainder when 968 is divided by 135.
23
What is the remainder when 1383 is divided by 683?
17
Calculate the remainder when 5126 is divided by 2557.
12
What is the remainder when 1098 is divided by 44?
42
Calculate the remainder when 299 is divided by 50.
49
Calculate the remainder when 701 is divided by 114.
17
What is the remainder when 79 is divided by 18?
7
What is the remainder when 503 is divided by 59?
31
Calculate the remainder when 1814 is divided by 91.
85
Calculate the remainder when 194 is divided by 14.
12
Calculate the remainder when 282 is divided by 74.
60
Calculate the remainder when 195 is divided by 14.
13
Calculate the remainder when 1324 is divided by 83.
79
Calculate the remainder when 146 is divided by 25.
21
Calculate the remainder when 152 is divided by 151.
1
What is the remainder when 477 is divided by 24?
21
Calculate the remainder when 1285 is divided by 641.
3
What is the remainder when 280 is divided by 34?
8
What is the remainder when 175 is divided by 88?
87
Calculate the remainder when 791 is divided by 22.
21
Calculate the remainder when 777 is divided by 26.
23
What is the remainder when 1535 is divided by 53?
51
What is the remainder when 35 is divided by 21?
14
Calculate the remainder when 125 is divided by 57.
11
Calculate the remainder when 954 is divided by 303.
45
What is the remainder when 2393 is divided by 298?
9
What is the remainder when 220 is divided by 26?
12
What is the remainder when 112 is divided by 85?
27
What is the remainder when 23 is divided by 11?
1
Calculate the remainder when 2059 is divided by 2049.
10
Calculate the remainder when 2294 is divided by 8.
6
Calculate the remainder when 503 is divided by 252.
251
Calculate the remainder when 29398 is divided by 60.
58
What is the remainder when 3781 is divided by 54?
1
What is the remainder when 3722 is divided by 17?
16
What is the remainder when 12419 is divided by 30?
29
Calculate the remainder when 2330 is divided by 212.
210
Calculate the remainder when 578 is divided by 58.
56
Calculate the remainder when 134 is divided by 49.
36
What is the remainder when 917 is divided by 132?
125
Calculate the remainder when 192 is divided by 82.
28
What is the remainder when 1491 is divided by 6?
3
What is the remainder when 192 is divided by 56?
24
What is the remainder when 972 is divided by 16?
12
Calculate the remainder when 6151 is divided by 21.
19
Calculate the remainder when 227 is divided by 23.
20
What is the remainder when 55 is divided by 17?
4
Calculate the remainder when 14 is divided by 12.
2
Calculate the remainder when 771 is divided by 3.
0
What is the remainder when 145 is divided by 81?
64
What is the remainder when 13926 is divided by 199?
195
What is the remainder when 4074 is divided by 27?
24
Calculate the remainder when 52 is divided by 34.
18
What is the remainder when 82 is divided by 25?
7
What is the remainder when 233 is divided by 75?
8
Calculate the remainder when 1396 is divided by 201.
190
What is the remainder when 209 is divided by 61?
26
Calculate the remainder when 1880 is divided by 9.
8
Calculate the remai